r of 1276 and 1012.
44
Calculate the greatest common divisor of 221 and 39.
13
Calculate the highest common divisor of 9999 and 9.
9
Calculate the greatest common divisor of 20 and 905.
5
What is the greatest common divisor of 333 and 148?
37
Calculate the greatest common divisor of 1015 and 4495.
145
Calculate the greatest common divisor of 36 and 1692.
36
Calculate the greatest common divisor of 16 and 118.
2
What is the highest common divisor of 923 and 1209?
13
What is the highest common divisor of 19116 and 9?
9
Calculate the greatest common divisor of 45 and 10.
5
Calculate the greatest common divisor of 136 and 2839.
17
Calculate the highest common factor of 3670 and 10.
10
What is the highest common factor of 34 and 5678?
34
Calculate the greatest common divisor of 480 and 270.
30
What is the highest common divisor of 2024 and 11?
11
What is the highest common divisor of 12 and 192?
12
What is the greatest common divisor of 896 and 42?
14
Calculate the highest common divisor of 52 and 43160.
52
What is the greatest common divisor of 456 and 8328?
24
Calculate the highest common divisor of 40239 and 102.
51
Calculate the greatest common factor of 1043 and 745.
149
Calculate the greatest common divisor of 74 and 6.
2
Calculate the greatest common divisor of 351 and 117.
117
Calculate the greatest common factor of 60 and 16530.
30
What is the highest common factor of 267 and 4183?
89
Calculate the highest common factor of 51 and 323.
17
Calculate the greatest common factor of 9 and 1629.
9
What is the highest common divisor of 1034 and 110?
22
Calculate the highest common factor of 45 and 75.
15
Calculate the highest common divisor of 5954 and 65.
13
What is the highest common divisor of 665 and 285?
95
What is the greatest common divisor of 819 and 2002?
91
Calculate the highest common factor of 6 and 80.
2
Calculate the highest common factor of 243 and 33.
3
What is the highest common divisor of 633 and 3?
3
Calculate the greatest common divisor of 16 and 288.
16
Calculate the greatest common factor of 64 and 16.
16
What is the greatest common factor of 24 and 564?
12
What is the highest common divisor of 1100 and 44?
44
What is the highest common factor of 23 and 437?
23
What is the greatest common divisor of 44 and 3476?
44
Calculate the highest common divisor of 5 and 930.
5
Calculate the greatest common divisor of 7 and 847.
7
What is the greatest common divisor of 182 and 52?
26
What is the highest common factor of 342 and 18?
18
What is the highest common factor of 28 and 532?
28
Calculate the highest common divisor of 1584 and 1386.
198
Calculate the greatest common divisor of 15 and 3.
3
Calculate the highest common factor of 400 and 32.
16
What is the highest common factor of 351 and 234?
117
Calculate the greatest common divisor of 14 and 14.
14
What is the greatest common factor of 22 and 352?
22
Calculate the highest common divisor of 1600 and 256.
64
What is the greatest common factor of 22 and 8393?
11
Calculate the highest common divisor of 40 and 8.
8
What is the highest common divisor of 210 and 546?
42
What is the greatest common factor of 2241 and 4731?
249
Calculate the greatest common divisor of 10 and 58.
2
Calculate the highest common factor of 2552 and 110.
22
Calculate the greatest common divisor of 446 and 2.
2
What is the highest common divisor of 45 and 480?
15
What is the highest common divisor of 671 and 1159?
61
What is the greatest common divisor of 9 and 3447?
9
Calculate the highest common divisor of 1701 and 252.
63
What is the highest common divisor of 102 and 18?
6
What is the highest common divisor of 50 and 90?
10
What is the highest common divisor of 22 and 3487?
11
Calculate the greatest common factor of 3244 and 4.
4
Calculate the highest common divisor of 152 and 14972.
76
Calculate the greatest common divisor of 132 and 3124.
44
Calculate the greatest common factor of 75 and 3525.
75
Calculate the greatest common factor of 260 and 4060.
20
What is the greatest common divisor of 20922 and 88?
22
What is the highest common factor of 4825 and 25?
25
What is the greatest common factor of 100 and 2?
2
Calculate the highest common factor of 48 and 564.
12
Calculate the greatest common divisor of 267 and 178.
89
Calculate the highest common factor of 3720 and 12.
12
What is the greatest common factor of 11 and 55?
11
What is the highest common factor of 23793 and 1155?
231
What is the greatest common divisor of 1233 and 137?
137
Calculate the highest common divisor of 19 and 157149.
19
What is the highest common divisor of 3588 and 1932?
276
What is the greatest common factor of 16 and 464?
16
Calculate the highest common factor of 6554 and 1130.
226
Calculate the highest common factor of 495 and 360.
45
What is the highest common factor of 41 and 45264?
41
What is the greatest common factor of 9168 and 144?
48
Calculate the greatest common factor of 34 and 5219.
17
Calculate the highest common divisor of 34 and 1377.
17
What is the greatest common factor of 8 and 128?
8
What is the highest common factor of 450 and 630?
90
Calculate the highest common factor of 3451 and 952.
119
What is the greatest common factor of 436 and 8?
4
What is the highest common divisor of 19250 and 77?
77
What is the highest common factor of 1680 and 20?
20
Calculate the greatest common factor of 75 and 105.
15
What is the highest common factor of 10712 and 104?
104
Calculate the highest common factor of 16804 and 4.
4
What is the greatest common factor of 1107 and 54?
27
Calculate the highest common factor of 63 and 1491.
21
Calculate the highest common factor of 27 and 108.
27
Calculate the highest common divisor of 21 and 1239.
21
Calculate the greatest common factor of 12 and 32.
4
What is the highest common divisor of 16 and 2468?
4
What is the highest common divisor of 32 and 9992?
8
Calculate the highest common divisor of 26120 and 40.
40
Calculate the greatest common divisor of 1269 and 216.
27
What is the greatest common divisor of 2941 and 34?
17
Calculate the greatest common factor of 8 and 80.
8
What is the greatest common factor of 6 and 12918?
6
What is the greatest common divisor of 3 and 21?
3
What is the highest common factor of 105 and 1806?
21
Calculate the greatest common divisor of 7090 and 10.
10
Calculate the highest common divisor of 148 and 44.
4
Calculate the greatest common divisor of 422 and 25531.
211
What is the highest common divisor of 434 and 70?
14
What is the greatest common divisor of 115 and 20?
5
What is the highest common divisor of 16596 and 36?
36
Calculate the highest common factor of 32 and 100.
4
What is the greatest common factor of 24 and 15?
3
What is the highest common divisor of 44 and 110?
22
What is the highest common factor of 10 and 122?
2
What is the greatest common divisor of 2106 and 1950?
78
What is the highest common divisor of 32 and 80?
16
Calculate the highest common divisor of 684 and 1539.
171
What is the greatest common divisor of 90 and 2736?
18
Calculate the highest common divisor of 15 and 770.
5
Calculate the highest common divisor of 9 and 45.
9
Calculate the highest common divisor of 684 and 36.
36
Calculate the highest common divisor of 65 and 20930.
65
What is the highest common divisor of 995 and 25?
5
Calculate the highest common divisor of 16 and 1.
1
Calculate the greatest common divisor of 140 and 30730.
70
Calculate the greatest common divisor of 14 and 8.
2
Calculate the greatest common divisor of 917 and 14.
7
What is the greatest common factor of 200 and 475?
25
Calculate the highest common divisor of 88 and 242.
22
What is the greatest common factor of 1817 and 474?
79
Calculate the greatest common divisor of 53 and 5353.
53
What is the greatest common divisor of 28 and 413?
7
Calculate the highest common divisor of 59 and 118.
59
Calculate the greatest common divisor of 714 and 1122.
102
What is the greatest common factor of 522 and 90?
18
Calculate the highest common factor of 910 and 250.
10
What is the highest common factor of 162 and 18?
18
What is the highest common factor of 212 and 16642?
106
Calculate the highest common factor of 4098 and 12.
6
What is the highest common factor of 6 and 351?
3
Calculate the greatest common facto